 the value of 5 + -3 + 4 - (102 + -91)?
-5
What is the value of (-5 + -31 - -7) + 20?
-9
Evaluate (16 - 8 - (18 + (3 - 8))) + 10.
5
-219 + 239 + (0 - 1) + -4
15
64 + -85 + 18 + -9
-12
What is the value of (-1 - -1) + 0 + 5 + (19 - 5)?
19
Calculate (-16 + 5 - -38) + -14.
13
Evaluate -16 + (2 - (-20 + 8)).
-2
Evaluate 4 + -53 + -3 + (-72 - -88).
-36
Evaluate (-1 - (-12 + -15)) + -10.
16
-4 + (7 + 5 - 3)
5
What is the value of -18 + (-39 - -86 - 30)?
-1
Calculate (-33 + 0 - 3) + -2 + 9.
-29
-5 - ((-4 - (-17 - -17)) + 2 + 0)
-3
What is the value of -4 + -5 + 10 + 11?
12
What is (10 + -24 - (-5 + -2)) + 2?
-5
Calculate (16 - (9 - -13)) + 0 + -11.
-17
What is 4 + -4 + 3 + -7?
-4
Evaluate -11 + (7 - (-4 - (-4 - 1) - -6)).
-11
Calculate -90 + 88 - (2 + -1 - 5).
2
What is 54 - 68 - (-4 + 0)?
-10
Evaluate (11 - 9) + -18 + 12 + 2 + -1.
-3
What is 3 - -2 - 11 - 1?
-7
Calculate (-1 - 5) + (42 - (-29 - -48)).
17
Calculate 16 - (7 + 9) - 15.
-15
What is the value of -11 + 11 + -15 - -30?
15
-6 + 1 + (-4 - -3) + -4 + 10
0
(4 - -16 - 31) + 21
10
What is the value of -10 + (10 - (10 - 7)) - 2?
-5
What is 35 + (9 - (6 + 8) - 0) + 4?
34
What is the value of (22 - (0 - -14)) + 0?
8
What is 9 - (1 - 2) - (63 - (83 + -55))?
-25
What is -10 - 0 - (-13 + -44 + 7 + 14)?
26
What is the value of 22 - ((39 - 24) + -14)?
21
What is -6 + 22 - (-25 + 33)?
8
-8 - ((25 - 32) + (-5 - (1 + 12)))
17
What is (-5 + -1 - (85 + -69)) + 11?
-11
What is -15 - ((19 + -22 - (-3 + -1)) + -11)?
-5
What is 4 - (-5 - (-7 - (3 + -4)))?
3
Calculate (-23 - -32) + -11 + 0 - (2 - -1).
-5
Calculate (3 - 4) + -5 + 6.
0
Calculate 23 + -2 + (140 - 134).
27
What is the value of 1 - (-23 - -3 - -30 - (0 + -8))?
-17
What is the value of (-2 - 8) + (-9 - (-16 + 9))?
-12
-10 + (14 - (-6 + 0))
10
Calculate 3 + (-14 - -22) + -14.
-3
Calculate 1 - (10 + (9 - 14) + (-2 - -5)).
-7
10 + -16 + -20 + 41
15
Calculate (5 + -9 - 6) + 4 - 6.
-12
Calculate (-17 - (-5 - (-3 - 4))) + 9.
-10
Calculate 12 - (15 + -5 + 9).
-7
What is the value of -15 - (6 - (14 + 9))?
2
What is the value of 2 + -3 + 6 + -7?
-2
Evaluate 12 + -19 - -7 - 8.
-8
What is the value of 6 - (3 + (8 - 1) + -1)?
-3
What is the value of -13 + 3 + 4 + 17 + 6?
17
What is the value of 14 - ((6 - -15 - 4) + 17)?
-20
Calculate (-21 - (-7 + -3)) + 19.
8
Calculate 17 - (0 + -10 + (4 - 5 - -8)).
20
What is (304 - 290) + (0 - 11)?
3
Evaluate -29 - (11 - (12 + 1 + 7)).
-20
Evaluate 10 + (-4 - 10) - (2 - 1 - 1).
-4
What is the value of (0 + 0 - -8) + -12 + (-15 - -24)?
5
(21 - -1) + -11 - 13
-2
Evaluate 30 + (-4 - -4) + -3.
27
-145 - -123 - (-11 - 0) - 3
-14
-120 - -112 - (1 - -1)
-10
What is the value of 53 - 23 - 19 - (10 - 1)?
2
Evaluate (29 - (14 + -7)) + -1.
21
What is (12 - (29 + -10)) + (1 - 3)?
-9
Calculate -28 + -4 + -144 + 161.
-15
Calculate 11 + -7 + 2 + (-1 - -12).
17
Calculate 10 + (6 - 2) + -2 - -1.
13
5 + (3 + 19 - 23)
4
What is the value of (-60 - -62) + 1 + 3?
6
Calculate 12 - -4 - 18 - -26.
24
What is the value of -15 - (-1 + (16 - -6))?
-36
Calculate -10 - ((-9 - (-5 - 5)) + -15).
4
What is -2 - ((9 - 0) + -12 - (-10 - -2))?
-7
What is 13 + 15 + -37 + (-3 + 4 - -38)?
30
Evaluate -33 + 58 - (2 + 16 + -2).
9
What is 19 + (4 + (-4 - (7 + -6)) - 4)?
14
(-1 - 0) + 0 + (25 - 26 - -6)
4
-15 - (45 + (-32 - 8))
-20
Evaluate 1 - 5 - (10 + -3 + -17).
6
Evaluate -8 + (-2 - (4 + 2)) + 1.
-15
What is 2 + -4 + (-5 - 11 - -13)?
-5
What is the value of -2 + 1 + (-9 - (-9 + 4)) - -16?
11
Calculate (11 - (-5 - (6 - 8))) + -6 + -24.
-16
-43 + (58 - (-8 - -39))
-16
Evaluate (8 - (-3 - -3) - 4) + -19.
-15
Calculate (-24 - -17) + (7 + -8 - 6 - 5).
-19
11 + 0 - (704 - 685)
-8
What is the value of (-9 + -35 - -25) + 38?
19
Evaluate 33 + -2 - (-49 - (-64 - -1)).
17
-7 + 21 + -13 + (1 - (2 + -7))
7
What is the value of 3 - -1 - (25 + -24) - 3 - -7?
7
What is -9 + -2 + (-16 - (-18 - -7)) - -7?
-9
What is the value of -11 + (1 - 6 - -4)?
-12
What is the value of -11 - (-9 - 16) - (11 + (0 - 2))?
5
What is the value of 6 + 3 - (1 - -20)?
-12
Calculate -14 + (24 - (6 - 0)).
4
Evaluate 2 + 5 + 2 - (-41 - -32 - -8).
10
What is 9 + -22 + (-11 - -15 - (-6 + 1))?
-4
(7 - 3) + -13 + -3 + 8 + 13
9
Calculate -56 - 0 - (75 - 40 - 54).
-37
Evaluate -4 + -5 + 8 + 2.
1
What is 13 + 1 + 8 - (-3 + 11)?
14
What is (-6 - (-5 - 1)) + 1 - (-4 + 29)?
-24
What is the value of -12 + 17 + -1 + -15 + -3?
-14
What is the value of 19 + (-13 - 5) - -13?
14
What is 45 + -47 + (-11 - -6 - 6)?
-13
Calculate -5 - (-8 - 15 - -3) - -7.
22
Calculate -12 + (-10 - 6) + 6.
-22
Evaluate 7 + (7 - 17) + 12 - 6.
3
What is the value of -5 + 11 + -4 + -2 - (-16 - -2)?
14
12 + (2 - 9 - (10 + -11)) - 10
-4
4 - (0 + 0) - (10 + -3 + 1)
-4
288 - 293 - (-24 - 0)
19
Calculate 5 - (-1 + -6 + (-224 - -213)).
23
Calculate -12 + 35 + -3 + -3.
17
4 - (17 - 5 - (-9 - -7))
-10
(0 - 8) + -151 + 151
-8
What is 1 - (111 + -119 - (-35 + 0))?
-26
Evaluate -9 - (-52 + 16 + 5).
22
-3 + -6 + 10 + (-4 - (-2 - -11))
-12
What is -76 + 74 + (-3 - (2 + -11))?
4
Evaluate 11 - (-11 + (-4 - -9 - -30)).
-13
What is the value of 1 + -3 + (3 - 0 - (-50 + 49))?
2
(40 - 11) + -16 + (4 - (-4 + 3))
18
What is (1 + 22 - (47 - 49)) + 10 + -11?
24
What is -7 + -19 - (-3 + 13)?
-36
Evaluate 10 + (-10 - -4) + (1 - -2).
7
Evaluate 2 + 5 + -39 + 47.
15
48 + -37 + 2 + -15 - (2 + -1)
-3
Calculate 30 + (10 - 24 - (-9 - -6)).
19
-2 + 25 + (36 - (25 - -16))
18
Calculate (-4 - (-1 - (-9 - -7 - -7))) + 0.
2
39 + 98 + -86 + -2 + -19
30
Evaluate -3 + (-4 - (-4 - -2) - -7) - 1.
1
What is the value of 24 - (15 - -13 - 21)?
17
(36 - (55 - -29)) + 29
-19
What is the value of 7 - (-4 + 6 + -11 - -18)?
-2
What is the value of 16 - (8 + 8) - (-30 - 7)?
37
What is -20 + (2 - 6 - -14 - 1)?
-11
What is the value of (2 - -12) + -15 - 24 - (-1 - 4)?
-20
Evaluate -2 + (5 - (6 - 4)) + 9.
10
Calculate 4 - ((41 - 21) + -1 + -2 + 1).
-14
What is 12 + -57 + -11 + (13 - -5)?
-38
Calculate 3 + (21 - (-18 + 13 - -12)).
17
What is the value of -11 + 11 - -2 - 6?
-4
Evaluate (5 - 2) + (-5 - (9 - 17)) - -4.
10
-9 - -14 - (-9 + 3 + 7)
4
What is the value of 5 - (-1 + 15 + 1)?
-10
Calculate (34 + -8 - 11) + -16.
-1
(-7 - (-1 + 1) - (266 + -268)) + 3
-2
Calculate 5 + (14 - (10 + -13 + 8)).
14
Calculate -10 + (-5 + 17 - 16) + (-1 - -5).
-10
What is (0 + 5 - (-11 - -12)) + 13?
17
What is the value of 12 + -27 + 1 - (-8 - (-4 + 2))?
-8
Evaluate -6 + (8 - (3 + -6)).
5
Calculate -20 - (6 - (36 - 17)).
-7
Calculate (-1 - -7) + (-15 + 4 - 3) + 17.
9
Calculate 6 + 16 + (-4 - 1) + -1.
16
18 - (21 + 11 + (-36 - -12))
10
Calculate (-14 - 14) + 27 + -14.
-15
What is 1 + -16 + 4 + 0 + -20 + 13?
-18
What is the value of (1 - 18) + 0 - (-89 - -84)?
-12
-7 + (-24 - -59) + -11
17
Calculate (0 - -11) + (48 - 53).
6
Calculate 3 + 1 + 24 + -7 + -22.
-1
What is 13 - (-8 + 21 + -21 + (11 - 1))?
11
-1 + 2 + 9 + -31 + (8 - 14)
-27
Evaluate 20 - ((-8 + 1 - (-33 - -29)) + 3).
20
16 + (-18 - 12) + (7 + -2 - 3)
-12
(-1 - -2 - 21) + 10 + -6 + 0
-16
(2 - 8) + (-112 - -123)
5
Evaluate 36 + (-11 - -31) + -21.
35
5 + (-7 - -14) + 9 + (0 - 7)
14
13 + -10 + 6 + (-8 - 3) - -19
17
Calculate 11 - 15 - ((15 - 2) + 5).
-22
30 - 23 - 27 - -39
19
Evaluate 110 + -122 + (1 - (3 + 2)) + 1.
-15
Evaluate 1 - 0 - (-266 + 256) - 0.
11
What is the value of 0 + 16 + 5 - (6 + -10 + -4)?
29
What is 12 + -5 - ((5 - 21) + 7 - -5)?
11
Evaluate 1 - (-6 + -1 + 49 + -47 - -8).
-2
What is the value of 20 - 2 - (522 + -528)?
24
What is (-8 - -4) + -4 + (7 + -13 - -6)?
-8
(-38 - (-44 + 9)) + 1 + -20
-22
What is the value of 1 - 12 - (-33 - (0 - -9 - 1))?
30
(9 - (-15 - -2)) + (-21 - -6)
7
What is the value of -4 + (12 - 6) + 4 - 13 - 9?
-16
Calculate 2 - (4 + 2) - (-5 + -5 + 15).
-9
What is -13 + -10 + -5 - (-14 + (3 - 0))?
-17
What is the value of 3 + (1 - -1) + -1 + 15?
19
7 + (-7 + 1 - -2) + 6
9
5 - -1 - (21 - (-17 - -32))
0
What is the value of -79 + 83 + (0 + 2 - -2)?
8
What is the value of (7 - (0 + 11)) + -1 + 8?
3
Calculate -32 + (-10 + 5 - -13 - -5).
-19
Calculate 0 + -8 + 55 + -55.
-8
What is -1 + (7 - (1 + 5)) + 14?
14
Evaluate 1 + 9 - (-52 + -11 + 31 - -29).
13
(-9 - -1) + (-9 - -11 - -5)
-1
Evaluate 49 + (-13 - 27) + 13.
22
-12 + 43 + (-6 + 11 + -1 - 3)
32
What is 6 + (-17 - -9) - (8 + -1)?
-9
What is the value of (-21 - (-25 - -10)) + 